{"id":59,"date":"2023-09-26T11:49:14","date_gmt":"2023-09-26T11:49:14","guid":{"rendered":"https:\/\/spsamus.ro\/?page_id=59"},"modified":"2025-08-14T09:23:27","modified_gmt":"2025-08-14T07:23:27","slug":"achizitii","status":"publish","type":"page","link":"https:\/\/spsamus.ro\/index.php\/anunturi\/achizitii\/","title":{"rendered":"Achizi\u021bii directe"},"content":{"rendered":"<h4><a href=\"https:\/\/spsamus.ro\/index.php\/2025\/08\/14\/anunt-cerere-oferta-furnizare-servicii-transmisii-de-date-tv-telefonie-fixa-si-gazduire-site-web\/\">Anunt &#8211; Cerere oferta servicii de transmisii de date, telefonie fixa, Tv si gazduire site web<\/a><\/h4>\n<h4><a href=\"https:\/\/spsamus.ro\/index.php\/2025\/06\/26\/anunt-lucrari-reparatii-curente-curte-la-scoala-samus\/\">Anunt achizitie &#8211; Lucrari reparatii curente curte la Scoala Samus<\/a><\/h4>\n<h4><a href=\"https:\/\/spsamus.ro\/index.php\/2025\/06\/16\/proiectare-de-amenajare-teren-de-sport-cu-gazon-artificial\/\">Anunt achizitie &#8211; <\/a>Proiectare de amenajare teren de sport cu gazon artificial<\/h4>\n<h3><strong>2024<\/strong><\/h3>\n<h4><a href=\"https:\/\/spsamus.ro\/wp-content\/uploads\/2024\/12\/Caiet-de-sarcini.pdf\">Caiet de sarcini<\/a> Servicii de paza si securitate<\/h4>\n<h4><a href=\"https:\/\/spsamus.ro\/wp-content\/uploads\/2024\/12\/Anunt-achizitie-serviciil-de-paza-si-securitate.pdf\">Anunt achizitie serviciil de paz\u0103 \u0219i securitate<\/a><\/h4>\n<h4><a href=\"https:\/\/spsamus.ro\/wp-content\/uploads\/2024\/08\/Anunt-reparatii-Sala-de-Sport.pdf\">Anunt reparatii Sala de Sport<\/a><\/h4>\n<h4><a href=\"https:\/\/spsamus.ro\/index.php\/2024\/08\/26\/anunt-de-participare\/\">Anunt cerere oferta lucrari de asfaltare<\/a><\/h4>\n<h4><a href=\"https:\/\/spsamus.ro\/wp-content\/uploads\/2024\/01\/Anunt-cerere-oferta-servicii-de-paza.pdf\">Anunt cerere oferta servicii de paza<\/a><\/h4>\n<h4><a href=\"https:\/\/spsamus.ro\/wp-content\/uploads\/2024\/01\/Anunt-cerere-oferta-servicii-de-interventie-la-pompe-de-caldura-HIDROS.pdf\">Anunt cerere oferta servicii de interventie la pompe de caldura HIDROS<\/a><\/h4>\n<h4><a href=\"https:\/\/spsamus.ro\/wp-content\/uploads\/2024\/01\/Anunt-cerere-oferta-servicii-de-deratizare.pdf\">Anunt cerere oferta servicii de deratizare<\/a><\/h4>\n<h4><a href=\"https:\/\/spsamus.ro\/wp-content\/uploads\/2024\/01\/Anunt-cerere-oferta-produse-de-panificatie.pdf\">Anunt cerere oferta furnizare produse de panificatie<\/a><\/h4>\n<h4><strong><a href=\"https:\/\/spsamus.ro\/wp-content\/uploads\/2024\/03\/Anunt-Solicitare-oferta-pentru-medicina-muncii.pdf\">Anunt cerere oferta pentru medicina muncii<\/a><\/strong><\/h4>\n<h4><a href=\"https:\/\/spsamus.ro\/wp-content\/uploads\/2024\/03\/Anunt-cerere-de-oferta-pentru-furnizarea-de-servicii-SSM.pdf\">Anunt cerere de oferta pentru furnizarea de servicii SSM<\/a><\/h4>\n<h2><\/h2>\n<p>&nbsp;<\/p>\n<p>&nbsp;<\/p>\n<h2><em><strong>2023<\/strong><\/em><\/h2>\n<h4><a href=\"https:\/\/spsamus.ro\/wp-content\/uploads\/2023\/10\/Caiet-de-sarcini-pentru-oferta-la-analiza-de-risc-fizic-la-SAMUS.pdf\">Anunt Caiet de sarcini pentru oferta la analiza de risc fizic SAMUS<\/a><\/h4>\n<h4><a href=\"https:\/\/spsamus.ro\/wp-content\/uploads\/2023\/10\/Anunt-solicitare-oferta-MOBILIER.pdf\">Anunt solicitare oferta MOBILIER proiect &#8222;P\u0103tratul f\u0103r\u0103 laturi &#8222;<\/a><\/h4>\n<h4><a href=\"https:\/\/spsamus.ro\/wp-content\/uploads\/2023\/09\/Anunt-cerere-de-oferta-pentru-Lucrari-de-refacere-retea.pdf\">Anunt cerere de oferta pentru lucrari de refacere retea<\/a><\/h4>\n<h4><a href=\"https:\/\/spsamus.ro\/wp-content\/uploads\/2023\/09\/Cerere-de-ofeta-pentru-lucrari-de-reparatii-si-renovare-.pdf\">Anunt cerere de ofeta pentru lucrari de reparatii si renovare<\/a><\/h4>\n<h4><a href=\"https:\/\/spsamus.ro\/wp-content\/uploads\/2023\/09\/Anunt-solicitare-oferta.pdf\">Anunt cerere oferta pentru servicii de catering <\/a><\/h4>\n<p>&nbsp;<\/p>\n<h3><\/h3>\n","protected":false},"excerpt":{"rendered":"<p>Anunt &#8211; Cerere oferta servicii de transmisii de date, telefonie fixa, Tv si gazduire site web Anunt achizitie &#8211; Lucrari reparatii curente curte la Scoala Samus Anunt achizitie &#8211; Proiectare de amenajare teren de sport cu gazon artificial 2024 Caiet de sarcini Servicii de paza si securitate Anunt achizitie serviciil de paz\u0103 \u0219i securitate Anunt &hellip; <a href=\"https:\/\/spsamus.ro\/index.php\/anunturi\/achizitii\/\">Continue reading <span class=\"meta-nav\">&rarr;<\/span><\/a><\/p>\n","protected":false},"author":1,"featured_media":0,"parent":19,"menu_order":0,"comment_status":"closed","ping_status":"closed","template":"template-sidebar-left.php","meta":{"advgb_blocks_editor_width":"","advgb_blocks_columns_visual_guide":"","footnotes":""},"class_list":["post-59","page","type-page","status-publish","hentry"],"coauthors":[],"author_meta":{"author_link":"https:\/\/spsamus.ro\/index.php\/author\/admin_ddh3voxz\/","display_name":"admin"},"relative_dates":{"created":"Posted 3 ani ago","modified":"Updated 8 luni ago"},"absolute_dates":{"created":"Posted on septembrie 26, 2023","modified":"Updated on august 14, 2025"},"absolute_dates_time":{"created":"Posted on septembrie 26, 2023 11:49 am","modified":"Updated on august 14, 2025 9:23 am"},"featured_img_caption":"","featured_img":false,"series_order":"","_links":{"self":[{"href":"https:\/\/spsamus.ro\/index.php\/wp-json\/wp\/v2\/pages\/59","targetHints":{"allow":["GET"]}}],"collection":[{"href":"https:\/\/spsamus.ro\/index.php\/wp-json\/wp\/v2\/pages"}],"about":[{"href":"https:\/\/spsamus.ro\/index.php\/wp-json\/wp\/v2\/types\/page"}],"author":[{"embeddable":true,"href":"https:\/\/spsamus.ro\/index.php\/wp-json\/wp\/v2\/users\/1"}],"replies":[{"embeddable":true,"href":"https:\/\/spsamus.ro\/index.php\/wp-json\/wp\/v2\/comments?post=59"}],"version-history":[{"count":32,"href":"https:\/\/spsamus.ro\/index.php\/wp-json\/wp\/v2\/pages\/59\/revisions"}],"predecessor-version":[{"id":1050,"href":"https:\/\/spsamus.ro\/index.php\/wp-json\/wp\/v2\/pages\/59\/revisions\/1050"}],"up":[{"embeddable":true,"href":"https:\/\/spsamus.ro\/index.php\/wp-json\/wp\/v2\/pages\/19"}],"wp:attachment":[{"href":"https:\/\/spsamus.ro\/index.php\/wp-json\/wp\/v2\/media?parent=59"}],"curies":[{"name":"wp","href":"https:\/\/api.w.org\/{rel}","templated":true}]}}