{"id":385,"date":"2023-10-04T10:12:00","date_gmt":"2023-10-04T08:12:00","guid":{"rendered":"https:\/\/spsamus.ro\/?page_id=385"},"modified":"2023-10-04T10:12:00","modified_gmt":"2023-10-04T08:12:00","slug":"consiliere-si-orientare-vocationala-si-profesionala","status":"publish","type":"page","link":"https:\/\/spsamus.ro\/index.php\/activitati-terapeutice\/consiliere-si-orientare-vocationala-si-profesionala\/","title":{"rendered":"Consiliere \u0219i orientare voca\u021bional\u0103 \u0219i profesional\u0103"},"content":{"rendered":"<p>Prin consilierea voca\u021bional\u0103 \u0219i orientarea profesional\u0103 elevii sunt sprijini\u021bi \u00een alegerea traseului educa\u021bional \u0219i profesional, lu\u00e2nd \u00een considerare at\u00e2t aptitudinile \u0219i abilit\u0103\u021bile proprii, c\u00e2t \u0219i interesele \u0219i valorile personale.<\/p>\n","protected":false},"excerpt":{"rendered":"<p>Prin consilierea voca\u021bional\u0103 \u0219i orientarea profesional\u0103 elevii sunt sprijini\u021bi \u00een alegerea traseului educa\u021bional \u0219i profesional, lu\u00e2nd \u00een considerare at\u00e2t aptitudinile \u0219i abilit\u0103\u021bile proprii, c\u00e2t \u0219i interesele \u0219i valorile personale.<\/p>\n","protected":false},"author":1,"featured_media":0,"parent":368,"menu_order":7,"comment_status":"closed","ping_status":"closed","template":"","meta":{"advgb_blocks_editor_width":"","advgb_blocks_columns_visual_guide":"","footnotes":""},"class_list":["post-385","page","type-page","status-publish","hentry"],"coauthors":[],"author_meta":{"author_link":"https:\/\/spsamus.ro\/index.php\/author\/admin_ddh3voxz\/","display_name":"admin"},"relative_dates":{"created":"Posted 3 ani ago","modified":"Updated 3 ani ago"},"absolute_dates":{"created":"Posted on octombrie 4, 2023","modified":"Updated on octombrie 4, 2023"},"absolute_dates_time":{"created":"Posted on octombrie 4, 2023 10:12 am","modified":"Updated on octombrie 4, 2023 10:12 am"},"featured_img_caption":"","featured_img":false,"series_order":"","_links":{"self":[{"href":"https:\/\/spsamus.ro\/index.php\/wp-json\/wp\/v2\/pages\/385","targetHints":{"allow":["GET"]}}],"collection":[{"href":"https:\/\/spsamus.ro\/index.php\/wp-json\/wp\/v2\/pages"}],"about":[{"href":"https:\/\/spsamus.ro\/index.php\/wp-json\/wp\/v2\/types\/page"}],"author":[{"embeddable":true,"href":"https:\/\/spsamus.ro\/index.php\/wp-json\/wp\/v2\/users\/1"}],"replies":[{"embeddable":true,"href":"https:\/\/spsamus.ro\/index.php\/wp-json\/wp\/v2\/comments?post=385"}],"version-history":[{"count":1,"href":"https:\/\/spsamus.ro\/index.php\/wp-json\/wp\/v2\/pages\/385\/revisions"}],"predecessor-version":[{"id":386,"href":"https:\/\/spsamus.ro\/index.php\/wp-json\/wp\/v2\/pages\/385\/revisions\/386"}],"up":[{"embeddable":true,"href":"https:\/\/spsamus.ro\/index.php\/wp-json\/wp\/v2\/pages\/368"}],"wp:attachment":[{"href":"https:\/\/spsamus.ro\/index.php\/wp-json\/wp\/v2\/media?parent=385"}],"curies":[{"name":"wp","href":"https:\/\/api.w.org\/{rel}","templated":true}]}}