{"id":339,"date":"2023-10-04T09:26:23","date_gmt":"2023-10-04T07:26:23","guid":{"rendered":"https:\/\/spsamus.ro\/?page_id=339"},"modified":"2023-10-04T09:26:23","modified_gmt":"2023-10-04T07:26:23","slug":"ateliere","status":"publish","type":"page","link":"https:\/\/spsamus.ro\/index.php\/resurse-materiale\/ateliere\/","title":{"rendered":"Ateliere"},"content":{"rendered":"<h4>Instruirea practic\u0103 a elevilor se desf\u0103\u0219oar\u0103 \u00een ateliere specifice meseriilor care sunt predate. Fiecare elev are \u0219ansa s\u0103 practice meseria sub supervizarea unui maistru-instructor.<br \/>\nAstfel \u0219coala dispune de:<br \/>\n3 ateliere de estetic\u0103<br \/>\n3 ateliere de patiserie<br \/>\n2 ateliere de t\u00e2mpl\u0103rie<br \/>\n2 ateliere de tinichigerie<br \/>\n2 ateliere de horticultur\u0103<br \/>\n1 atelier de construc\u021bii<br \/>\n1 atelier de instala\u021bii<br \/>\nPe l\u00e2ng\u0103 aceste ateliere mai exist\u0103 \u0219i un num\u0103r de cabinete pentru studiul disciplinelor tehnice, astfel: este cabinetul de horticultur\u0103,<br \/>\ncel de instala\u021bii \u0219i cel de mecanic\u0103.<\/h4>\n","protected":false},"excerpt":{"rendered":"<p>Instruirea practic\u0103 a elevilor se desf\u0103\u0219oar\u0103 \u00een ateliere specifice meseriilor care sunt predate. Fiecare elev are \u0219ansa s\u0103 practice meseria sub supervizarea unui maistru-instructor. Astfel \u0219coala dispune de: 3 ateliere de estetic\u0103 3 ateliere de patiserie 2 ateliere de t\u00e2mpl\u0103rie 2 ateliere de tinichigerie 2 ateliere de horticultur\u0103 1 atelier de construc\u021bii 1 atelier de &hellip; <a href=\"https:\/\/spsamus.ro\/index.php\/resurse-materiale\/ateliere\/\">Continue reading <span class=\"meta-nav\">&rarr;<\/span><\/a><\/p>\n","protected":false},"author":1,"featured_media":0,"parent":14,"menu_order":1,"comment_status":"closed","ping_status":"closed","template":"","meta":{"advgb_blocks_editor_width":"","advgb_blocks_columns_visual_guide":"","footnotes":""},"class_list":["post-339","page","type-page","status-publish","hentry"],"coauthors":[],"author_meta":{"author_link":"https:\/\/spsamus.ro\/index.php\/author\/admin_ddh3voxz\/","display_name":"admin"},"relative_dates":{"created":"Posted 3 ani ago","modified":"Updated 3 ani ago"},"absolute_dates":{"created":"Posted on octombrie 4, 2023","modified":"Updated on octombrie 4, 2023"},"absolute_dates_time":{"created":"Posted on octombrie 4, 2023 9:26 am","modified":"Updated on octombrie 4, 2023 9:26 am"},"featured_img_caption":"","featured_img":false,"series_order":"","_links":{"self":[{"href":"https:\/\/spsamus.ro\/index.php\/wp-json\/wp\/v2\/pages\/339","targetHints":{"allow":["GET"]}}],"collection":[{"href":"https:\/\/spsamus.ro\/index.php\/wp-json\/wp\/v2\/pages"}],"about":[{"href":"https:\/\/spsamus.ro\/index.php\/wp-json\/wp\/v2\/types\/page"}],"author":[{"embeddable":true,"href":"https:\/\/spsamus.ro\/index.php\/wp-json\/wp\/v2\/users\/1"}],"replies":[{"embeddable":true,"href":"https:\/\/spsamus.ro\/index.php\/wp-json\/wp\/v2\/comments?post=339"}],"version-history":[{"count":1,"href":"https:\/\/spsamus.ro\/index.php\/wp-json\/wp\/v2\/pages\/339\/revisions"}],"predecessor-version":[{"id":340,"href":"https:\/\/spsamus.ro\/index.php\/wp-json\/wp\/v2\/pages\/339\/revisions\/340"}],"up":[{"embeddable":true,"href":"https:\/\/spsamus.ro\/index.php\/wp-json\/wp\/v2\/pages\/14"}],"wp:attachment":[{"href":"https:\/\/spsamus.ro\/index.php\/wp-json\/wp\/v2\/media?parent=339"}],"curies":[{"name":"wp","href":"https:\/\/api.w.org\/{rel}","templated":true}]}}