{"id":262,"date":"2023-10-01T11:31:41","date_gmt":"2023-10-01T11:31:41","guid":{"rendered":"https:\/\/spsamus.ro\/?page_id=262"},"modified":"2023-10-01T11:31:41","modified_gmt":"2023-10-01T11:31:41","slug":"viziunea-scolii","status":"publish","type":"page","link":"https:\/\/spsamus.ro\/index.php\/despre-noi\/viziunea-scolii\/","title":{"rendered":"Viziunea \u0219colii"},"content":{"rendered":"<h4>\u0218coala Profesional\u0103 Special\u0103 &#8222;SAMUS&#8221; institu\u021bie de \u00eenv\u0103\u021b\u0103m\u00e2nt care proveaz\u0103 educ\u021bia inclusiv\u0103 \u0219i integrat\u0103, va fi recunoscut\u0103 ca un centru \u0219colar profesional modern, \u00een care actul educa\u021bional se bazeaz\u0103 pe dragoste \u0219i empatie profund\u0103 fa\u021b\u0103 de copii, av\u00e2nd convingerea c\u0103 o educa\u021bie de calitate bazat\u0103 pe adaptarea curricular\u0103 \u0219i programe educa\u021bionale individualizate va facilita integrarea \u0219colar\u0103, social\u0103 \u0219i societal\u0103 a elevilor no\u0219tri.<\/h4>\n","protected":false},"excerpt":{"rendered":"<p>\u0218coala Profesional\u0103 Special\u0103 &#8222;SAMUS&#8221; institu\u021bie de \u00eenv\u0103\u021b\u0103m\u00e2nt care proveaz\u0103 educ\u021bia inclusiv\u0103 \u0219i integrat\u0103, va fi recunoscut\u0103 ca un centru \u0219colar profesional modern, \u00een care actul educa\u021bional se bazeaz\u0103 pe dragoste \u0219i empatie profund\u0103 fa\u021b\u0103 de copii, av\u00e2nd convingerea c\u0103 o educa\u021bie de calitate bazat\u0103 pe adaptarea curricular\u0103 \u0219i programe educa\u021bionale individualizate va facilita integrarea \u0219colar\u0103, &hellip; <a href=\"https:\/\/spsamus.ro\/index.php\/despre-noi\/viziunea-scolii\/\">Continue reading <span class=\"meta-nav\">&rarr;<\/span><\/a><\/p>\n","protected":false},"author":1,"featured_media":0,"parent":10,"menu_order":2,"comment_status":"closed","ping_status":"closed","template":"","meta":{"advgb_blocks_editor_width":"","advgb_blocks_columns_visual_guide":"","footnotes":""},"class_list":["post-262","page","type-page","status-publish","hentry"],"coauthors":[],"author_meta":{"author_link":"https:\/\/spsamus.ro\/index.php\/author\/admin_ddh3voxz\/","display_name":"admin"},"relative_dates":{"created":"Posted 3 ani ago","modified":"Updated 3 ani ago"},"absolute_dates":{"created":"Posted on octombrie 1, 2023","modified":"Updated on octombrie 1, 2023"},"absolute_dates_time":{"created":"Posted on octombrie 1, 2023 11:31 am","modified":"Updated on octombrie 1, 2023 11:31 am"},"featured_img_caption":"","featured_img":false,"series_order":"","_links":{"self":[{"href":"https:\/\/spsamus.ro\/index.php\/wp-json\/wp\/v2\/pages\/262","targetHints":{"allow":["GET"]}}],"collection":[{"href":"https:\/\/spsamus.ro\/index.php\/wp-json\/wp\/v2\/pages"}],"about":[{"href":"https:\/\/spsamus.ro\/index.php\/wp-json\/wp\/v2\/types\/page"}],"author":[{"embeddable":true,"href":"https:\/\/spsamus.ro\/index.php\/wp-json\/wp\/v2\/users\/1"}],"replies":[{"embeddable":true,"href":"https:\/\/spsamus.ro\/index.php\/wp-json\/wp\/v2\/comments?post=262"}],"version-history":[{"count":2,"href":"https:\/\/spsamus.ro\/index.php\/wp-json\/wp\/v2\/pages\/262\/revisions"}],"predecessor-version":[{"id":264,"href":"https:\/\/spsamus.ro\/index.php\/wp-json\/wp\/v2\/pages\/262\/revisions\/264"}],"up":[{"embeddable":true,"href":"https:\/\/spsamus.ro\/index.php\/wp-json\/wp\/v2\/pages\/10"}],"wp:attachment":[{"href":"https:\/\/spsamus.ro\/index.php\/wp-json\/wp\/v2\/media?parent=262"}],"curies":[{"name":"wp","href":"https:\/\/api.w.org\/{rel}","templated":true}]}}