{"id":125,"date":"2023-09-27T06:01:01","date_gmt":"2023-09-27T06:01:01","guid":{"rendered":"https:\/\/spsamus.ro\/?page_id=125"},"modified":"2023-09-27T06:04:44","modified_gmt":"2023-09-27T06:04:44","slug":"istoric","status":"publish","type":"page","link":"https:\/\/spsamus.ro\/index.php\/despre-noi\/istoric\/","title":{"rendered":"Istoric"},"content":{"rendered":"<p style=\"text-align: left;\"><strong>Istoric<\/strong><br \/>\n\u00cen anul 1951, c\u00e2nd, \u00een urma Decretului nr. 91 din 1950, Ministerul Prevederilor Sociale a cerut organizarea \u0219i conducerea \u00eenv\u0103\u021b\u0103m\u00e2ntului profesional special pentru toate categoriile de deficien\u021bi, cu scopul de a forma \u0219i dezvolta priceperi \u0219i deprinderi la tinerii \u00eentre 14 \u0219i 40 de ani, pentru a-i ajuta s\u0103 se integreze \u00een via\u021ba social\u0103 \u0219i profesional\u0103, s-a \u00eenfiin\u021bat Centrul profesional special pentru surdo-mu\u021bi nr. 7, prin fuzionarea a trei \u0219coli speciale din Cluj-Napoca. Centrul nou \u00eenfiin\u021bat \u0219colariza 201 elevi, dintre care 76 cu deficien\u021b\u0103 de auz.<br \/>\nPe parcursul anilor \u0219coala a experimentat o cre\u0219tere continu\u0103 \u00een ceea ce prive\u0219te num\u0103rul de elevi, specializ\u0103rile oferite, cl\u0103diri \u0219i baz\u0103 material\u0103, adresabilitate, \u00een acela\u0219i timp cu o varietate de modific\u0103ri ale denumirii \u0219colii \u0219i a ofertei educa\u021bionale.<br \/>\nIni\u021bial destinat exclusiv celor cu deficien\u021b\u0103 de auz, liceul a \u00eenceput treptat s\u0103 se adreseze \u0219i elevilor cu deficien\u021b\u0103 mintal\u0103 \u0219i celor cu dificult\u0103\u021bi de \u00eenv\u0103\u021bare (\u00eencep\u00e2nd cu anul \u0219colar 1986-1987). Elevii erau instrui\u021bi pentru urm\u0103toarele meserii: t\u00e2mplar, croitor, zugrav, instalator, patiser, tinichigeriu, horticultor etc.<br \/>\n\u00cen perioada 1990-1996 au fost construite cl\u0103diri noi cu ajutor financiar de la bugetul de stat, ob\u021binut datorit\u0103 directorului de la acea vreme, care a insistat \u00een mod constant \u0219i a sus\u021binut cauza educa\u021biei elevilor cu dizabilit\u0103\u021bi \u00een fa\u021ba factorilor de decizie \u0219i a institu\u021biilor abilitate din acele timpuri. Dup\u0103 ani de munc\u0103 asidu\u0103, \u00een anul \u0219colar 1996-1997 au fost inaugurate noile cl\u0103diri: cl\u0103direa \u0219colii, sala de sport, \u0219i mai apoi cantina \u0219i internatul.<br \/>\n\u00cen 2006, unitatea de \u00eenv\u0103\u021b\u0103m\u00e2nt a devenit \u0219coal\u0103 incluziv\u0103 prin introducerea unor clase de mas\u0103 \u00een specializarea estetica \u0219i igiena corpului omenesc. \u00cen anul 2008, pe l\u00e2ng\u0103 clasele liceale, o prim\u0103 clas\u0103 gimnazial\u0103 a fost inclus\u0103 \u00een oferta educa\u021bional\u0103 a \u0219colii, extinz\u00e2ndu-se astfel grupa de v\u00e2rst\u0103 a elevilor instrui\u021bi. Num\u0103rul claselor gimnaziale a crescut de la una, \u00een 2008, la 5 \u00een 2022.<br \/>\n\u00cen 2014 s-a revenit exclusiv la forma de \u00eenv\u0103\u021b\u0103m\u00e2nt special, \u00een urma mut\u0103rii claselor de mas\u0103 la alt\u0103 unitate de \u00eenv\u0103\u021b\u0103m\u00e2nt. Din anul \u0219colar 2017-2018 s-a demarat programul A Doua \u0218ans\u0103, unde au fost \u0219colariza\u021bi elevi de diferite v\u00e2rste care nu au avut posibilit\u0103\u021bi de a-\u0219i realiza studiile gimnaziale.<\/p>\n","protected":false},"excerpt":{"rendered":"<p>Istoric \u00cen anul 1951, c\u00e2nd, \u00een urma Decretului nr. 91 din 1950, Ministerul Prevederilor Sociale a cerut organizarea \u0219i conducerea \u00eenv\u0103\u021b\u0103m\u00e2ntului profesional special pentru toate categoriile de deficien\u021bi, cu scopul de a forma \u0219i dezvolta priceperi \u0219i deprinderi la tinerii \u00eentre 14 \u0219i 40 de ani, pentru a-i ajuta s\u0103 se integreze \u00een via\u021ba social\u0103 &hellip; <a href=\"https:\/\/spsamus.ro\/index.php\/despre-noi\/istoric\/\">Continue reading <span class=\"meta-nav\">&rarr;<\/span><\/a><\/p>\n","protected":false},"author":1,"featured_media":0,"parent":10,"menu_order":1,"comment_status":"closed","ping_status":"closed","template":"template-sidebar-left.php","meta":{"advgb_blocks_editor_width":"","advgb_blocks_columns_visual_guide":"","footnotes":""},"class_list":["post-125","page","type-page","status-publish","hentry"],"coauthors":[],"author_meta":{"author_link":"https:\/\/spsamus.ro\/index.php\/author\/admin_ddh3voxz\/","display_name":"admin"},"relative_dates":{"created":"Posted 3 ani ago","modified":"Updated 3 ani ago"},"absolute_dates":{"created":"Posted on septembrie 27, 2023","modified":"Updated on septembrie 27, 2023"},"absolute_dates_time":{"created":"Posted on septembrie 27, 2023 6:01 am","modified":"Updated on septembrie 27, 2023 6:04 am"},"featured_img_caption":"","featured_img":false,"series_order":"","_links":{"self":[{"href":"https:\/\/spsamus.ro\/index.php\/wp-json\/wp\/v2\/pages\/125","targetHints":{"allow":["GET"]}}],"collection":[{"href":"https:\/\/spsamus.ro\/index.php\/wp-json\/wp\/v2\/pages"}],"about":[{"href":"https:\/\/spsamus.ro\/index.php\/wp-json\/wp\/v2\/types\/page"}],"author":[{"embeddable":true,"href":"https:\/\/spsamus.ro\/index.php\/wp-json\/wp\/v2\/users\/1"}],"replies":[{"embeddable":true,"href":"https:\/\/spsamus.ro\/index.php\/wp-json\/wp\/v2\/comments?post=125"}],"version-history":[{"count":2,"href":"https:\/\/spsamus.ro\/index.php\/wp-json\/wp\/v2\/pages\/125\/revisions"}],"predecessor-version":[{"id":129,"href":"https:\/\/spsamus.ro\/index.php\/wp-json\/wp\/v2\/pages\/125\/revisions\/129"}],"up":[{"embeddable":true,"href":"https:\/\/spsamus.ro\/index.php\/wp-json\/wp\/v2\/pages\/10"}],"wp:attachment":[{"href":"https:\/\/spsamus.ro\/index.php\/wp-json\/wp\/v2\/media?parent=125"}],"curies":[{"name":"wp","href":"https:\/\/api.w.org\/{rel}","templated":true}]}}

<p style="text-align: left;"><strong>Istoric</strong><br />
În anul 1951, când, în urma Decretului nr. 91 din 1950, Ministerul Prevederilor Sociale a cerut organizarea și conducerea învățământului profesional special pentru toate categoriile de deficienți, cu scopul de a forma și dezvolta priceperi și deprinderi la tinerii între 14 și 40 de ani, pentru a-i ajuta să se integreze în viața socială și profesională, s-a înființat Centrul profesional special pentru surdo-muți nr. 7, prin fuzionarea a trei școli speciale din Cluj-Napoca. Centrul nou înființat școlariza 201 elevi, dintre care 76 cu deficiență de auz.<br />
Pe parcursul anilor școala a experimentat o creștere continuă în ceea ce privește numărul de elevi, specializările oferite, clădiri și bază materială, adresabilitate, în același timp cu o varietate de modificări ale denumirii școlii și a ofertei educaționale.<br />
Inițial destinat exclusiv celor cu deficiență de auz, liceul a început treptat să se adreseze și elevilor cu deficiență mintală și celor cu dificultăți de învățare (începând cu anul școlar 1986-1987). Elevii erau instruiți pentru următoarele meserii: tâmplar, croitor, zugrav, instalator, patiser, tinichigeriu, horticultor etc.<br />
În perioada 1990-1996 au fost construite clădiri noi cu ajutor financiar de la bugetul de stat, obținut datorită directorului de la acea vreme, care a insistat în mod constant și a susținut cauza educației elevilor cu dizabilități în fața factorilor de decizie și a instituțiilor abilitate din acele timpuri. După ani de muncă asiduă, în anul școlar 1996-1997 au fost inaugurate noile clădiri: clădirea școlii, sala de sport, și mai apoi cantina și internatul.<br />
În 2006, unitatea de învățământ a devenit școală incluzivă prin introducerea unor clase de masă în specializarea estetica și igiena corpului omenesc. În anul 2008, pe lângă clasele liceale, o primă clasă gimnazială a fost inclusă în oferta educațională a școlii, extinzându-se astfel grupa de vârstă a elevilor instruiți. Numărul claselor gimnaziale a crescut de la una, în 2008, la 5 în 2022.<br />
În 2014 s-a revenit exclusiv la forma de învățământ special, în urma mutării claselor de masă la altă unitate de învățământ. Din anul școlar 2017-2018 s-a demarat programul A Doua Șansă, unde au fost școlarizați elevi de diferite vârste care nu au avut posibilități de a-și realiza studiile gimnaziale.</p>

<p>Istoric În anul 1951, când, în urma Decretului nr. 91 din 1950, Ministerul Prevederilor Sociale a cerut organizarea și conducerea învățământului profesional special pentru toate categoriile de deficienți, cu scopul de a forma și dezvolta priceperi și deprinderi la tinerii între 14 și 40 de ani, pentru a-i ajuta să se integreze în viața socială &hellip; <a href="https://spsamus.ro/index.php/despre-noi/istoric/">Continue reading <span class="meta-nav">&rarr;</span></a></p>
